lculate the highest common factor of 261 and 1042173.
261
Calculate the highest common factor of 255 and 876605.
85
What is the greatest common factor of 880752 and 24?
24
Calculate the greatest common divisor of 321252 and 96.
12
What is the greatest common factor of 102 and 20842?
34
What is the highest common divisor of 13008 and 1398?
6
Calculate the greatest common divisor of 1466 and 3288238.
1466
Calculate the greatest common divisor of 1059560 and 80.
40
Calculate the highest common divisor of 14839 and 19855.
209
What is the greatest common divisor of 12190 and 8230?
10
What is the greatest common divisor of 202 and 2937686?
202
What is the greatest common factor of 7580 and 180?
20
Calculate the highest common factor of 1194286 and 518.
74
What is the greatest common factor of 7486 and 418?
38
Calculate the highest common divisor of 594 and 141048.
54
Calculate the highest common divisor of 806 and 24206.
26
What is the highest common divisor of 676 and 1053?
13
Calculate the greatest common divisor of 39 and 14417.
13
What is the highest common divisor of 33 and 253231?
11
What is the greatest common divisor of 168 and 14688?
24
Calculate the highest common divisor of 5068 and 308.
28
What is the highest common divisor of 156970 and 110?
110
What is the highest common divisor of 145592 and 488?
8
Calculate the greatest common divisor of 210589 and 3514.
251
What is the highest common divisor of 2756 and 2650?
106
Calculate the greatest common divisor of 464 and 1616.
16
What is the greatest common factor of 88 and 30844?
44
What is the highest common divisor of 345455 and 15?
5
Calculate the highest common divisor of 208 and 269672.
104
Calculate the greatest common divisor of 537863 and 34.
17
What is the highest common divisor of 3150 and 356580?
630
What is the greatest common factor of 65618 and 47558?
602
What is the highest common divisor of 1590 and 85335?
15
Calculate the highest common divisor of 4389 and 201.
3
Calculate the highest common divisor of 243 and 181035.
243
What is the highest common factor of 122 and 125233?
61
Calculate the highest common factor of 364 and 16328.
52
Calculate the greatest common factor of 17287 and 8790.
293
Calculate the greatest common factor of 17 and 3615373.
17
What is the greatest common factor of 6 and 199086?
6
Calculate the highest common divisor of 1372275 and 54.
27
What is the highest common factor of 8589 and 357?
21
What is the highest common factor of 21068252 and 1094?
1094
Calculate the highest common factor of 252 and 11452.
28
What is the highest common divisor of 2088 and 4104?
72
What is the highest common divisor of 11326182 and 1479?
1479
What is the highest common factor of 133 and 142861?
19
Calculate the highest common divisor of 171875 and 11.
11
Calculate the highest common divisor of 42245 and 1988.
497
Calculate the greatest common factor of 6815 and 1035.
5
What is the highest common divisor of 14040 and 480?
120
Calculate the highest common divisor of 857477 and 122.
61
What is the highest common factor of 2186789 and 1342?
671
Calculate the greatest common factor of 71355 and 355.
355
What is the greatest common divisor of 264 and 58971?
33
Calculate the highest common factor of 370 and 3552.
74
What is the greatest common divisor of 444385 and 610?
305
Calculate the greatest common divisor of 3525 and 168730.
235
Calculate the greatest common divisor of 42361 and 22.
11
What is the highest common divisor of 7168 and 66080?
224
Calculate the greatest common divisor of 11328 and 960.
192
What is the highest common divisor of 122580 and 45?
45
What is the highest common factor of 2345 and 591275?
335
What is the greatest common divisor of 3198 and 11921?
13
Calculate the greatest common divisor of 56 and 2514687.
7
Calculate the greatest common factor of 9690 and 38000.
190
What is the highest common divisor of 156 and 82095?
39
What is the greatest common divisor of 100 and 720050?
50
Calculate the highest common factor of 27237 and 4179.
21
What is the highest common divisor of 105 and 15765?
15
Calculate the greatest common divisor of 8082 and 54.
18
What is the greatest common factor of 288863 and 91824?
1913
Calculate the highest common divisor of 90 and 2038815.
45
What is the highest common divisor of 18 and 145308?
6
Calculate the greatest common factor of 1691522 and 7.
7
Calculate the highest common divisor of 4 and 3362.
2
What is the greatest common divisor of 553 and 5893321?
553
Calculate the highest common divisor of 300373 and 221.
17
Calculate the greatest common divisor of 79176 and 392.
8
Calculate the greatest common divisor of 224 and 552104.
56
Calculate the highest common divisor of 1467 and 1140837.
489
What is the highest common factor of 1186 and 871117?
593
What is the greatest common divisor of 2842 and 287?
7
What is the highest common factor of 20498 and 148?
74
What is the highest common factor of 68 and 537574?
34
What is the highest common factor of 10540 and 10880?
340
What is the highest common divisor of 22 and 206294?
22
Calculate the greatest common divisor of 655 and 245.
5
Calculate the greatest common factor of 2556 and 1194.
6
Calculate the highest common factor of 105704 and 1810.
362
What is the highest common factor of 4 and 332?
4
What is the highest common divisor of 6053140 and 69?
23
Calculate the highest common divisor of 85 and 894319.
17
Calculate the highest common factor of 189 and 2100.
21
What is the greatest common divisor of 900 and 21180?
60
What is the greatest common factor of 3 and 26994?
3
What is the highest common factor of 99 and 29937?
3
Calculate the greatest common divisor of 3879662 and 94.
94
What is the greatest common divisor of 30811 and 33?
11
Calculate the highest common divisor of 932 and 17475.
233
Calculate the greatest common divisor of 199210 and 220.
110
Calculate the highest common factor of 1742 and 1681901.
871
Calculate the greatest common divisor of 238 and 23534.
14
Calculate the greatest common divisor of 5566 and 69674.
22
Calculate the highest common divisor of 4141 and 164.
41
Calculate the highest common factor of 76521 and 1725.
69
Calculate the highest common factor of 31564 and 65.
13
What is the greatest common divisor of 195 and 12255?
15
Calculate the highest common divisor of 50 and 30740.
10
What is the highest common divisor of 41452 and 344?
172
What is the greatest common divisor of 4321 and 8178?
29
Calculate the highest common factor of 387 and 75336.
129
What is the greatest common divisor of 8 and 1217888?
8
Calculate the greatest common factor of 1633 and 23.
23
What is the greatest common divisor of 13731 and 21293?
199
What is the highest common divisor of 1683 and 131580?
153
Calculate the highest common divisor of 320 and 1112.
8
What is the highest common divisor of 1817 and 21962?
79
Calculate the greatest common divisor of 1225215 and 2565.
855
What is the highest common divisor of 22970 and 470?
10
Calculate the highest common divisor of 8 and 308144.
8
What is the greatest common divisor of 1720 and 90420?
20
What is the highest common factor of 45 and 1521?
9
Calculate the highest common divisor of 1155185 and 5556.
463
What is the highest common factor of 469238 and 242?
242
Calculate the greatest common divisor of 1369305 and 270.
135
Calculate the greatest common divisor of 8561 and 7.
7
What is the greatest common factor of 341298 and 36?
18
Calculate the highest common factor of 60284 and 28.
28
What is the highest common factor of 17030 and 36010?
130
What is the greatest common factor of 9 and 193527?
9
Calculate the greatest common divisor of 342 and 104292.
18
Calculate the greatest common factor of 278265 and 234.
39
Calculate the highest common divisor of 9180 and 33420.
60
What is the highest common divisor of 19880 and 30?
10
Calculate the greatest common divisor of 123939 and 2115.
423
Calculate the greatest common divisor of 22969 and 1030.
103
What is the highest common factor of 110785 and 16?
1
What is the greatest common factor of 3495 and 1185?
15
Calculate the greatest common divisor of 2736 and 21033.
171
Calculate the greatest common divisor of 30121 and 1456.
91
Calculate the highest common divisor of 715921 and 391